*c + 2*i + 5424 = 0. Let x = 1942 - c. Does 13 divide x?
True
Is 82 a factor of (-6 - -8)/((-6)/(-3690))?
True
Suppose -106 = 6*g - 700. Suppose 0 = -c + g + 7. Suppose -3*z = 4*b - 452 - 64, -b + 5*z + c = 0. Is 21 a factor of b?
True
Let z = 1058 + 1117. Does 23 divide z?
False
Suppose -4*s + 4*w + 24 = 0, -12 = -4*s - 0*w - 2*w. Suppose -3*v + 203 = 2*v + s*k, -4*v + 3*k + 150 = 0. Suppose 2*l - v - 65 = 0. Is l a multiple of 13?
True
Let i(n) = 2*n**2 - 74*n + 518. Let p be i(39). Let a = 905 - 1355. Let g = a + p. Is 19 a factor of g?
False
Suppose -5*z + 5*s + 6870 = 0, -5*z = s + s - 6877. Let w = 2059 - z. Is 11 a factor of w?
False
Let h be (-3)/(-6) + 333/(-18). Let j = 23 + h. Let b(g) = g**3 + 7*g**2 - 13*g - 6. Does 60 divide b(j)?
False
Let c(z) = 6*z**2 + 10*z - 5513. Does 19 divide c(-67)?
False
Let j(o) = -10*o + 196. Let h be j(21). Let t(x) = -74*x - 81. Does 12 divide t(h)?
False
Let p(d) = -d**2 - 42*d + 74. Let a be p(-21). Let z = 87 + a. Is z a multiple of 43?
True
Is 2/3 - (-6422)/6 a multiple of 17?
True
Suppose -2*j = 6*p - 28364, -j - 5543 = -p - 809. Is 33 a factor of p?
False
Let g = 26181 - 21854. Does 65 divide g?
False
Suppose -4*s - b - 4*b = -27, s = 2*b - 3. Suppose -2*d = u - d - 39, -s*d - 195 = -5*u. Suppose j + 8 = u. Does 4 divide j?
False
Suppose -5*j + 10*g = -3*j - 2976, -2*j = -3*g - 2941. Does 77 divide j?
True
Does 57 divide (-4)/((-75)/600 - (18927/50664)/(-3))?
False
Suppose 986 = l + y, -1010 = -l + 2*y + 3*y. Let w = l + -371. Does 10 divide w?
False
Let b(y) = 5*y - 107. Let n be b(25). Suppose 968 = 3*h - 4*k, -4*h = -9*h - 2*k + 1648. Does 18 divide h/6 - n/27?
True
Let m(y) = 198*y**3 + 5*y**2 - 8*y + 5. Let v be m(2). Suppose 5*a = 252 + v. Is 9 a factor of a?
True
Let a = 4129 - 4072. Does 6 divide a?
False
Suppose -15 = -5*s, s = -4*u - 3*s + 66388. Does 251 divide u?
False
Let z be 27*10/15*58. Suppose 26*o - z = -3*o. Is o a multiple of 12?
True
Let j be (-2)/(-14) - 432/(-112). Suppose -j*w + 100 = -0*w. Let p = w + 7. Does 16 divide p?
True
Let i(t) = t**2 - 5*t - 26. Let g be i(-8). Suppose 124*z = 127*z - g. Suppose 5*y - 99 = -5*j - 39, -3*j + z = -2*y. Does 2 divide j?
True
Let t(c) = -1750*c - 700. Is 84 a factor of t(-40)?
True
Let b = -7 + -1. Let y be 6/15 + (-46)/115. Let p = y - b. Is p a multiple of 4?
True
Let u(q) = q**2 - 4*q + 3. Let h be u(3). Suppose h = -4*m + 2*m - 8. Does 15 divide (m/5)/(-1 - (-73)/75)?
True
Let y(o) = o - 10. Let v be y(16). Let j(u) = 18*u + 18. Is 14 a factor of j(v)?
True
Let y be ((-25)/(-100))/(1/292). Suppose 2*n - 2*t = 34 + 40, -t - y = -2*n. Is 6 a factor of n?
True
Does 14 divide (-966)/(-5)*(1680/36 + -20)?
True
Let t(q) = q**3 + 18 + 5*q**3 + 5*q**3 + 17*q**2 - 9*q**3 - 7*q. Let p be t(-9). Suppose 7*k - 1008 = -p*k. Is 24 a factor of k?
True
Let b(w) = w + 13*w**3 + 12*w**2 - 12*w**3 + 5 + 3*w + 5*w. Is b(-10) a multiple of 21?
False
Suppose -97 = 10*n + 23. Is 95 a factor of ((-340)/n)/(8/456)?
True
Suppose 0 = 6*z - 24 + 6. Suppose -z*o = -32 + 44. Is 44 a factor of (164/16)/(o/(-112) + 0)?
False
Let d = -2183 + 2909. Is d even?
True
Let q(n) = 627*n**2 - 94*n + 388. Does 81 divide q(4)?
True
Let v = 18157 - 733. Is v a multiple of 51?
False
Let x = 341 + -168. Let l = x + -149. Is l a multiple of 5?
False
Let i = -164 + 2844. Is i a multiple of 18?
False
Let k be ((-1)/(-3))/(16/88272). Does 34 divide k/6 - (-4)/(-8)?
True
Let i be 16 - (0 - 20/(-4)). Let y(j) = 44*j + 32 + 5 - i - 47*j. Is 8 a factor of y(-18)?
True
Let q = 103 + 1457. Is q a multiple of 9?
False
Let k be (70/7)/(5/2). Suppose 4*y + 2*m = 898, -249 = -k*y + 5*m + 614. Is y a multiple of 16?
False
Suppose 0*u + 333 = u + 5*x, -4*u + 1281 = 3*x. Let o be u/(-1 - (-7)/4). Suppose -o = -4*q + 192. Does 14 divide q?
True
Let i(n) = -n - 34. Let g be i(-17). Let j = -15 - g. Is 11 a factor of ((-105)/(-75))/(j/30)?
False
Suppose -g - a = -2, 6*a - a - 2 = -g. Suppose g*j - 3*m = 600, -9*j + 572 = -7*j + 4*m. Does 39 divide j?
False
Let t(f) = -40*f + 4364. Is t(98) a multiple of 74?
True
Suppose 6*k + 5*k + 1221 = 0. Let r = k - -111. Does 15 divide r + 20/15*15?
False
Suppose 3*x - 183 = -3*a, 2*a + 17*x = 12*x + 125. Suppose -a*l + 55*l + 2485 = 0. Is 29 a factor of l?
False
Suppose 2*z - 8*z = 12. Let d be (z + -4)/30 - (-96)/5. Let h = d + 42. Is 8 a factor of h?
False
Let i = 207 + -201. Does 62 divide (-6)/(i/(-5)) + 360?
False
Let i = -8 - -33. Suppose 4*y - i - 107 = 0. Suppose 2*t - 3*c = -0*t + y, 3*c = 15. Does 6 divide t?
True
Let c be -3*(4 - 64/12). Suppose 0 = -3*h + 2*r + 15, 2*r + 9 = c*h + 3*r. Suppose -2*j = y - 54, 3*y - 127 = h*j + 44. Is 28 a factor of y?
True
Let o = -24 - -29. Does 16 divide o + (-23)/4*-4?
False
Let q(y) = 193*y**3 + 3*y**2 + 64*y - 144. Does 20 divide q(2)?
True
Let r = -254962 + -96598. Does 10 divide -2 + 14/5 + r/(-550)?
True
Let r = 216 - -146. Let w = r - 82. Is 40 a factor of w?
True
Let z(i) be the first derivative of -i**4/4 + 3*i**3 - 3*i**2 - 15*i + 7. Let m be z(7). Let f = m - -3. Is f a multiple of 11?
True
Suppose -5*i = -n + 6*n - 50, -2*i + n + 14 = 0. Suppose -i*v - 20*v = -43120. Does 41 divide v?
False
Is 59 a factor of (13 - 1)/(6/(-30)*15/(-2478))?
True
Let b(p) = -2*p - 6. Let i(l) = l**2 + 6*l + 2. Let f be i(-5). Let d be b(f). Suppose -2*s + n = 6*n - 32, -4*n - 16 = d. Is 2 a factor of s?
True
Let v(x) = 11*x**2 - 34*x + 230. Does 11 divide v(10)?
True
Suppose -5*h = g - 1980, 21*g + 2*h - 8028 = 17*g. Is 134 a factor of g?
True
Let g be 10*(112/10)/7. Suppose 0 = 4*c - 2*d - g, 0 - 24 = -4*c - 2*d. Suppose 0 = 3*v - 22 - c. Does 4 divide v?
False
Let m be (-2 - 77) + (3 + -2 - 0). Let f = -74 - m. Suppose 623 = f*u - 29. Is 18 a factor of u?
False
Let z = -124 + 176. Suppose 0 = -2*t - f + 172, -4*t + z = -2*f - 284. Let v = t - -9. Is v a multiple of 47?
True
Let d(m) = -m**2 - 4*m - 4. Let f be d(-1). Suppose 4*h + 38 = -w, 3*h + 0*w - 3*w = -36. Is 23 a factor of (5 + 25/h)/(f/(-46))?
True
Let n(d) be the second derivative of -d**3 + 4*d + 0 - 29/2*d**2. Does 7 divide n(-6)?
True
Let u(o) = 61*o**2 + 25*o + 16. Let q be u(-10). Does 55 divide (q/(-42))/((-3)/9)?
False
Suppose -32 = 2*f - 18, -3*v + 54705 = -3*f. Does 62 divide v?
True
Suppose 51*j - 133*j = -88478. Does 10 divide j?
False
Let r = 1881 + -1883. Let p(q) = 21*q - 5. Let u(s) = 20*s - 5. Let b(k) = -6*p(k) + 5*u(k). Is b(r) a multiple of 16?
False
Suppose -5*u - 5*z = 1840, -2*u + 2*z - 383 = -u. Let y = u + 634. Is 7 a factor of y?
False
Let o be (9 - (-2 + 5))*1. Suppose 1 = -k + 3, -2*f = -k - o. Suppose -f*z - 330 = -9*z. Is 33 a factor of z?
True
Suppose -57 = 2*t + l - 29, t - 5*l = 8. Let o(z) = -6*z + 2 - 4*z + 6. Is o(t) a multiple of 12?
False
Suppose 8046 = 3*x + 3*n, -2*x + 418*n - 421*n = -5364. Is 31 a factor of x?
False
Let f be 1/3 - -5*16/30. Does 66 divide (2 + -2)/(f + -4) + 264?
True
Let d = 2 + 5. Suppose 622 + 232 = d*a. Is 5 a factor of a?
False
Let m be 2 + 517 - (15 - 18). Suppose -5*a = 4*i - 1463, -5*a = -i - 3*a + 382. Let y = m - i. Is 11 a factor of y?
False
Let a = -266 + 621. Let b = -291 + a. Is 7 a factor of b?
False
Let s(x) = x**3 + 3*x**2 + 4*x. Let c be s(-2). Let h be (c/6)/(5*4/(-270)). Let m = h - -5. Is m a multiple of 7?
True
Let h(n) = n**3 - 36*n**2 + 76*n + 112. Is 4 a factor of h(34)?
True
Let u(h) = 0*h - 1 - 6*h + 5*h. Let k be u(2). Is (-2 + 4)*k*(-2)/3 a multiple of 2?
True
Let i(w) = 18*w + 30 - w - 2*w. Let b be i(10). Suppose 2*u = p + b, 0 = -3*u + 4*p + 119 + 161. Is 10 a factor of u?
False
Is 7364 - (26 + -10) - (2 - 2) a multiple of 22?
True
Let a = 302 + -203. Suppose -176 - a = 5*y. Is 12 a factor of (216/(-10))/(11/y)?
True
Let d(h) = 2*h**3 - 18*h**2 + h - 12. Let z be d(9). Let q be 0 - 1*-1 - 78/z. Suppose 0 = s + i - 18, -3*i - 59 = -4*s + q. Is 4 a factor of s?
True
Let u(j) = 14*j + 60. Let a be u(4). Let n = a + -84. Is n a multiple of 3?
False
Let b = -10770 + 18086. Is 124 a factor of b?
True
Let s(a) = 2*a**2 + a - 4. Let g(i) = 3*i**2 + i - 8. Let y(o) = -3*g(o) + 5*s(o). Suppose 3*z + 4*l = 1, z - 6 = 5*l + 7. Does 14 divide y(z)?
False
Suppose 1420*d - 1424*d + 589 = 61. Is 4 a factor of d?
True
Let o = -84 + 120. Let t = o - -100. Suppose 0 = v + 4*v - 